or of i and m?
9
Let x = -52 + 151. What is the highest common divisor of x and 33?
33
Let j(u) = -6*u + 3. Let d be j(-3). Suppose 9 = 3*c - d. What is the greatest common factor of 30 and c?
10
Let d = -110 + 143. Calculate the greatest common factor of d and 22.
11
Let g be 44/55 - (-4284)/20. What is the highest common factor of g and 86?
43
Suppose 101 = q - 4*o, 0 = 3*q - q - 5*o - 199. Suppose -3*c = 4*w - 0*c - q, -2*c - 104 = -5*w. Calculate the highest common divisor of 11 and w.
11
Suppose -j = -4*j. Suppose j = -3*q - 0*q + 66. Calculate the greatest common factor of q and 110.
22
Let d be (-3 - 1) + (-4)/4. Let g = d - -12. Let i be -2 - 3*(-2)/2. What is the highest common factor of i and g?
1
Suppose -2*w + 56 = -2*p, -w - 3*p + 108 = 4*w. Suppose 7*d - 3*d = w. Calculate the highest common divisor of d and 3.
3
Suppose 4*o - 51 = 45. Calculate the highest common divisor of 16 and o.
8
Suppose 2*r - 12 = -q + 9, 5*r + 45 = 4*q. What is the highest common divisor of q and 5?
5
Suppose 3*q + b = 365, -2*q - 2*q = 2*b - 490. Suppose -2*j = -5*x - 23 - 22, 0 = -4*j + 5*x + 75. Calculate the highest common factor of q and j.
15
Suppose 2*l - 4*l = 10, 14 = 4*b - 2*l. Let m(s) = s - 16. Let p be m(23). What is the greatest common divisor of p and b?
1
Let g(o) = o**3 + 10*o**2 + 11*o - 4. Let d be g(-8). What is the greatest common factor of 12 and d?
12
Suppose 4*l - 4*a = -2*a + 18, l + 2*a = 12. Let q = l + -4. Suppose -q*n - 3*j = -223, -n + 61 = 5*j - 33. Calculate the highest common factor of 17 and n.
17
Let y be (-111)/(-15) + (-9)/(-15). Calculate the highest common factor of y and 4.
4
Let l(q) = 2*q**3 - 2*q**2 + q - 7. Let h be l(3). Suppose 3*r + 0*o - 3*o - 243 = 0, -4*o = 4. What is the highest common factor of r and h?
16
Suppose -2*t - 8*t = -1100. Calculate the highest common factor of 22 and t.
22
Let c = -61 + 85. Let d(n) = 60*n**3 - n + 1. Let h be d(1). What is the highest common divisor of c and h?
12
Let g = -1 - -2. Let s be (32/(-20))/(g/(-5)). Let u = s + 4. What is the highest common divisor of u and 24?
12
Let y be (1/(-3))/((-1)/30). Let a(r) = -2*r**3 - 7*r**2 - 5. Let p be a(-5). Let g = p - y. What is the highest common factor of 12 and g?
12
Suppose -8 = 2*c - 26. What is the greatest common divisor of c and 99?
9
Let z be (-8)/(-28) + (-9630)/(-7). Let c be z/14 - 10/35. Let s be c/8 - 2/8. Calculate the greatest common divisor of s and 18.
6
Let y(i) = -i**3 + 5*i**2 + 2. Let w be y(5). Let z = 0 + w. Suppose -3*u = -u - z. Calculate the greatest common divisor of u and 1.
1
Suppose 0 = -5*h + h. Let l = h + 4. What is the greatest common divisor of l and 44?
4
Suppose -4*n = o - 1, -o + 6 = -n - 0*n. Let r(x) = 2*x**2 + 5*x - 3. Let v be r(o). Calculate the greatest common factor of v and 48.
24
Let q be 66/(-3)*(-2)/4. What is the greatest common divisor of q and 11?
11
Suppose p = 2*t - 85, 3*t + 2*p = p + 135. What is the highest common divisor of 308 and t?
44
Suppose 0 = 10*l - 3*l - 14. Let w = -20 - -38. Calculate the greatest common divisor of w and l.
2
Suppose 7 = 2*k - 15. Suppose f - 2*x - k + 1 = 0, -2*x - 40 = -4*f. Suppose 4*n + 16 = 4*r, 0*r - r + 10 = -4*n. What is the highest common factor of f and r?
2
Let p = -8 - -11. Let l = -5 + 7. Let g = p + l. What is the highest common divisor of g and 50?
5
Let q(m) = -m**3 + 8*m**2 - 4*m - 1. Let a be q(7). Let t = 12 - a. Let r = t + 16. What is the highest common divisor of r and 88?
8
Let o = 1068 + -1045. Let k = 102 - -59. Calculate the highest common factor of k and o.
23
Suppose 5*t - 11 - 59 = 0. Let b(c) = c**2 - 2*c - 1. Let j be b(5). Calculate the highest common factor of j and t.
14
Suppose 3*n - 477 = -117. What is the greatest common factor of n and 15?
15
Let r be 6/3 - 9/(-3). Suppose -3*b - 2*y + 2 = -6*b, -4*b = 5*y - r. Suppose 0*n + 4*n - 308 = b. What is the highest common factor of 11 and n?
11
Let i = -99 - -255. Suppose 5*j = 294 + i. What is the highest common divisor of 10 and j?
10
Suppose -3*s + 2*s = 5*v, 3*v = -2*s + 28. Calculate the greatest common divisor of s and 40.
20
Let y(c) = -52*c**3 + 3*c**2 - 1. Let j be y(-1). Calculate the highest common factor of j and 12.
6
Let f(k) = k**3 - 4*k**2 + 8*k - 17. Let q be f(4). Let o be 136 - 1 - (0 + 0). What is the highest common divisor of q and o?
15
Suppose -j - 30 = -7*j. Suppose -3*k + 6 + 24 = 0. Calculate the highest common divisor of j and k.
5
Let s(x) = x**3 - 3*x**2 + 5*x - 4. Let g be s(4). Calculate the greatest common factor of g and 160.
32
Suppose 0*u - 3*u = -42. Let k be 110 + 2 - (-3 + 1). Let q = u + k. What is the greatest common factor of 16 and q?
16
Let i be 3/3*-1 - -5. Suppose 5*h - 116 = 4*b, 4*b + 76 = -h + i*h. Calculate the highest common factor of 40 and h.
20
Let w be 2*8 - (-1 - -1). Suppose 5*i - 2*i - 15 = 0, 2*i + 6 = 2*y. Calculate the highest common factor of y and w.
8
Let r = -104 - -258. Calculate the highest common divisor of 14 and r.
14
Suppose 18*r - 16*r - 104 = 0. Calculate the highest common factor of r and 4.
4
Suppose x = -4*r + 8, 5*r - 2 = 4*x - 13. Suppose -x*i - 115 = -3*b + i, 5*b - 173 = -i. Let n = 85 - b. What is the highest common factor of n and 10?
10
Let n = -58 - -126. What is the greatest common factor of n and 17?
17
Let n(h) = 6*h**3 + h - 3*h**2 + 5*h**2 - 5*h**3. Let d be n(-2). Let z be (d/2)/((-1)/33). Calculate the highest common factor of 22 and z.
11
Let h(f) = f**3 - 15*f + 6. Let p be h(6). Calculate the highest common divisor of p and 12.
12
Suppose 0 = -5*j - 5*l - 45, 3*j + 30 = l - 5. Let u be 10/10*1*19. Let t = j + u. Calculate the greatest common divisor of t and 8.
8
Let u be 3 - 1/2*2. Let h be (-10)/(-4) - 2/4. Let d = h + 4. What is the highest common divisor of u and d?
2
Suppose k + 4*k = 25. Suppose -3*f = k*p - 31, 6*f - 3*f = -p + 11. What is the greatest common factor of f and 2?
2
Let b be ((-1)/(-1) - 0) + 6. Let x = -3 + 4. What is the greatest common factor of b and x?
1
Let g(w) be the first derivative of 2*w**3/3 + 2*w**2 - 3. Let f(k) = -k - 10. Let y be f(-7). Let h be g(y). Calculate the highest common divisor of h and 48.
6
Suppose 7*z = z + 228. Calculate the greatest common factor of z and 19.
19
Suppose -q + 66 = 2*q. Suppose 5*x - 29 = 4*r + 19, 3*r + q = 2*x. Suppose -p = -7*p + 432. Calculate the highest common factor of p and x.
8
Suppose 125 = 5*d - 40. Let u = 8 - 5. What is the greatest common divisor of d and u?
3
Let s(c) = c**3 + 34*c**2 - 2*c - 20. Let k be s(-34). Let d = -13 - -25. Calculate the highest common divisor of k and d.
12
Suppose 36*g - 32*g = 456. Calculate the highest common divisor of 152 and g.
38
Let p(t) be the first derivative of 4*t**2 - 6*t + 3. Let k be p(9). Suppose -3*u = u - 24. What is the highest common divisor of k and u?
6
Let o = -88 + 160. Let f = 102 - o. What is the greatest common divisor of 10 and f?
10
Suppose -9*d - 30 = -15*d. Calculate the highest common factor of d and 45.
5
Suppose 2*o + 80 = -0*o. Let a be (2 + (-2 - o))*2. Let n(m) = -m**3 + 4*m**2 + 8*m - 5. Let v be n(5). What is the highest common divisor of a and v?
10
Suppose -27 = -28*q + 25*q. Calculate the greatest common divisor of 1 and q.
1
Suppose -z = 1, 0 = -3*v - 4*z - 3 + 80. Suppose -31 = -6*f + 77. Calculate the highest common divisor of v and f.
9
Let a be ((-9)/6)/(3/8). Let n be a/(-26) - (-2580)/130. Calculate the greatest common divisor of n and 160.
20
Suppose 0*y + y + 1 = 0. Let c = -2 + y. Let r(o) = -26*o - 1. Let n be r(c). What is the highest common factor of n and 11?
11
Suppose 0*r - 3*r = -54. Suppose -2*h + r + 180 = 0. What is the greatest common divisor of h and 11?
11
Suppose 11*x - 133 = -34. Let q = 4 + -1. Calculate the greatest common factor of x and q.
3
Suppose -280 = -5*x - 3*h + h, 0 = -x + 4*h + 56. What is the greatest common divisor of x and 8?
8
Suppose -8 = 2*t - 4*t. Suppose 3 + 77 = 4*m. Suppose -22*k - m = -24*k. What is the greatest common factor of k and t?
2
Let r(o) = -10*o**3 + o**2 + o. Let v be r(-1). Suppose 0 = 2*x + x - 240. Calculate the greatest common divisor of x and v.
10
Let t be ((-3)/(-4))/(1/8). Let c = t + -3. Suppose 0*n - i + 33 = 5*n, 21 = 5*n - c*i. What is the greatest